n divisor of 141 and 4512?
141
What is the highest common factor of 4 and 9?
1
Calculate the highest common divisor of 4671 and 54.
27
Calculate the highest common divisor of 154 and 84.
14
What is the greatest common factor of 69 and 7291?
23
What is the greatest common divisor of 1078 and 22?
22
Calculate the greatest common factor of 245 and 98.
49
What is the highest common factor of 1269 and 27?
27
Calculate the highest common factor of 1100 and 625.
25
Calculate the greatest common divisor of 36 and 90.
18
Calculate the highest common factor of 2366 and 14.
14
What is the greatest common divisor of 6327 and 18?
9
What is the greatest common divisor of 23 and 253?
23
What is the highest common divisor of 12 and 348?
12
What is the highest common factor of 161 and 736?
23
What is the greatest common factor of 14 and 161?
7
What is the greatest common factor of 35 and 105?
35
Calculate the highest common factor of 15 and 162.
3
What is the greatest common divisor of 11 and 374?
11
What is the highest common divisor of 234 and 2178?
18
Calculate the greatest common factor of 65 and 8060.
65
Calculate the greatest common divisor of 80 and 65.
5
What is the highest common factor of 92 and 161?
23
What is the highest common factor of 567 and 14?
7
Calculate the highest common divisor of 96 and 17808.
48
What is the greatest common factor of 61 and 10919?
61
What is the greatest common divisor of 14 and 938?
14
What is the highest common factor of 32 and 1?
1
Calculate the highest common factor of 10 and 82.
2
Calculate the greatest common factor of 4500 and 9.
9
What is the highest common divisor of 10865 and 205?
205
What is the highest common divisor of 1044 and 12?
12
What is the greatest common factor of 36 and 9540?
36
What is the highest common divisor of 940 and 40?
20
What is the greatest common divisor of 420 and 48?
12
Calculate the greatest common factor of 429 and 195.
39
What is the highest common factor of 24 and 56?
8
What is the highest common factor of 30 and 80?
10
What is the highest common divisor of 10442 and 46?
46
Calculate the greatest common divisor of 497 and 4544.
71
Calculate the greatest common divisor of 581 and 7.
7
What is the highest common factor of 1593 and 118?
59
What is the highest common factor of 64 and 2864?
16
What is the greatest common divisor of 2550 and 300?
150
What is the highest common divisor of 4029 and 17?
17
What is the greatest common factor of 333 and 54?
9
Calculate the greatest common divisor of 304 and 684.
76
What is the greatest common divisor of 138 and 24?
6
What is the greatest common factor of 15093 and 936?
117
Calculate the greatest common divisor of 455 and 35.
35
What is the greatest common divisor of 1330 and 3150?
70
Calculate the highest common divisor of 78 and 4004.
26
Calculate the greatest common factor of 13846 and 43.
43
Calculate the highest common factor of 10365 and 30.
15
What is the greatest common factor of 3 and 201?
3
Calculate the greatest common divisor of 258 and 12.
6
What is the highest common divisor of 868 and 10292?
124
Calculate the greatest common divisor of 2166 and 6.
6
What is the greatest common factor of 342 and 361?
19
What is the greatest common factor of 12 and 60?
12
What is the highest common factor of 48 and 2096?
16
Calculate the highest common divisor of 20 and 710.
10
Calculate the greatest common divisor of 168 and 44.
4
Calculate the greatest common factor of 9 and 4.
1
Calculate the greatest common divisor of 1102 and 290.
58
What is the greatest common divisor of 710 and 15?
5
What is the highest common divisor of 2514 and 6?
6
What is the highest common factor of 171 and 95?
19
What is the highest common factor of 738 and 328?
82
What is the highest common factor of 57 and 96?
3
Calculate the greatest common divisor of 2 and 13.
1
What is the greatest common factor of 288 and 1?
1
Calculate the highest common factor of 8448 and 396.
132
Calculate the greatest common divisor of 374 and 68.
34
What is the highest common divisor of 4116 and 105?
21
Calculate the greatest common divisor of 344 and 1204.
172
Calculate the highest common factor of 96 and 3.
3
Calculate the highest common factor of 330 and 5346.
66
What is the greatest common divisor of 42 and 42?
42
Calculate the greatest common divisor of 165 and 45.
15
What is the highest common factor of 4 and 98?
2
What is the greatest common divisor of 22 and 143?
11
What is the highest common divisor of 27 and 33?
3
Calculate the highest common divisor of 63 and 24192.
63
What is the greatest common divisor of 48 and 2292?
12
What is the highest common factor of 21413 and 133?
133
What is the highest common divisor of 854 and 1?
1
What is the greatest common divisor of 12432 and 7?
7
What is the greatest common divisor of 23273 and 17?
17
Calculate the greatest common factor of 1711 and 59.
59
What is the highest common factor of 55 and 66?
11
What is the highest common factor of 675 and 513?
27
What is the highest common divisor of 448 and 63?
7
What is the highest common factor of 592 and 72?
8
Calculate the greatest common divisor of 8 and 824.
8
What is the highest common factor of 4458 and 12?
6
Calculate the greatest common divisor of 10 and 388.
2
What is the greatest common factor of 216 and 81?
27
What is the highest common divisor of 72 and 8?
8
Calculate the highest common factor of 88 and 20284.
44
Calculate the greatest common divisor of 16 and 126.
2
Calculate the greatest common factor of 10117 and 134.
67
Calculate the highest common factor of 156 and 273.
39
Calculate the greatest common factor of 195 and 117.
39
What is the greatest common factor of 273 and 91?
91
Calculate the greatest common divisor of 5593 and 51.
17
What is the highest common divisor of 1980 and 1100?
220
What is the greatest common divisor of 1302 and 6?
6
Calculate the greatest common factor of 216 and 90.
18
Calculate the greatest common divisor of 240 and 780.
60
What is the greatest common divisor of 87549 and 21?
21
What is the greatest common divisor of 174 and 9222?
174
Calculate the greatest common divisor of 228 and 16.
4
Calculate the greatest common factor of 1312 and 1148.
164
What is the highest common divisor of 13 and 9?
1
Calculate the greatest common divisor of 456 and 25764.
228
Calculate the highest common factor of 56 and 140.
28
What is the highest common factor of 115 and 2185?
115
Calculate the highest common divisor of 5621 and 77.
77
What is the highest common factor of 5390 and 220?
110
Calculate the greatest common divisor of 3105 and 36.
9
Calculate the greatest common factor of 567 and 2919.
21
Calculate the greatest common divisor of 891 and 1728.
27
Calculate the greatest common factor of 24 and 48.
24
Calculate the highest common divisor of 1 and 1549.
1
Calculate the greatest common divisor of 4 and 38.
2
Calculate the highest common factor of 4887 and 216.
27
Calculate the highest common divisor of 310 and 65.
5
Calculate the greatest common divisor of 2205 and 4095.
315
What is the highest common divisor of 52 and 572?
52
Calculate the greatest common divisor of 130 and 45.
5
Calculate the highest common divisor of 15 and 21.
3
What is the greatest common divisor of 241 and 241?
241
Calculate the greatest common divisor of 1668 and 60.
12
Calculate the greatest common divisor of 3 and 99.
3
What is the highest common factor of 4301 and 17?
17
What is the highest common factor of 287 and 123?
41
What is the greatest common factor of 5248 and 8?
8
Calculate the greatest common factor of 165 and 2211.
33
Calculate the greatest common factor of 749 and 231.
7
Calculate the greatest common factor of 288 and 612.
36
Calculate the highest common divisor of 28260 and 180.
180
Calculate the greatest common factor of 220 and 19085.
55
Calculate the highest common factor of 101 and 83729.
101
Calculate the highest common divisor of 484 and 4.
4
Calculate the greatest common factor of 261 and 2697.
87
Calculate the highest common factor of 3473 and 151.
151
Calculate the highest common divisor of 2720 and 408.
136
What is the highest common factor of 404 and 1111?
101
Calculate the highest common factor of 34 and 850.
34
What is the highest common divisor of 612 and